 91, 4*z = -p*w + 212. Let l be (42/(-49))/(2/(-14)). Calculate the greatest common factor of w and l.
6
Suppose -5*r + 287 = 47. Let q = 64 - r. What is the highest common divisor of 112 and q?
16
Suppose -17*f + 396 = 63*f + 76. Let a = -21 + 57. Calculate the highest common factor of a and f.
4
Let s(t) = t + 8. Let l be s(-6). Let k(i) = 22*i - 2. Let p be k(l). Suppose -5*a - 10 + 9 = 4*g, -g + 11 = -a. What is the highest common factor of g and p?
6
Let a(r) = -r**2 - 13*r + 16. Let l be a(-14). Suppose 48 = 2*s + 2*g - 50, 0 = 3*s + l*g - 146. What is the highest common factor of 36 and s?
12
Let z = -955 + 1046. Suppose -o = 0, 2*b + 5*o = 7 + 19. What is the greatest common divisor of z and b?
13
Let w(j) = -j**2 + 50*j - 283. Let t be w(43). What is the greatest common divisor of t and 18?
18
Suppose h + 2*i - 428 = -h, 4*i = 2*h - 452. Suppose 0 = t + 4*w - 61, 6*t - h = 3*t - 5*w. Calculate the highest common factor of t and 9.
9
Let y = 11 - -44. What is the greatest common divisor of y and 99?
11
Let v(y) = y**3 + 6*y**2 - 10*y - 54. Let m be v(-6). Suppose c = 6*c - 60. What is the greatest common divisor of m and c?
6
Suppose 0 = 5*z - 3*z - 160. Let k = -60 - -92. Calculate the highest common divisor of k and z.
16
Let m(o) = -5*o - 8. Suppose 4*j = 3*t + 2*j + 61, 4*t = 4*j - 76. Let d = 16 + t. Let u be m(d). What is the greatest common factor of u and 9?
9
Suppose 0*y + 76 = -2*y. Let q = 93 + y. Let w(t) = t**2 + 7*t + 5. Let c be w(-7). What is the greatest common factor of c and q?
5
Let v be 45/2*(-12)/(-9). Suppose -25 = -5*u, -170 = -4*r + 2*u + 200. Let i = r - 20. What is the highest common divisor of v and i?
15
Suppose -34 = -4*n + 46. Let g be (-5 + 105/n)*60. Calculate the greatest common divisor of 135 and g.
15
Let m = 229 + -48. Suppose m = 4*c - 43. What is the highest common divisor of c and 7?
7
Suppose 5*j + q + 2194 = 7500, 3*j - 5*q = 3206. What is the highest common divisor of j and 18?
18
Suppose 12*c = -9*c + 3780. What is the highest common divisor of c and 45?
45
Let q(t) = -5*t**2 + 10*t - 7. Let b be q(-7). Let w = b + 467. Calculate the greatest common divisor of 58 and w.
29
Let b(a) be the second derivative of -a**3/6 + 4*a**2 + 5*a. Let t be b(-7). What is the greatest common factor of 165 and t?
15
Let y be 3/18 - (-22550)/60. What is the highest common factor of 8 and y?
8
Suppose -12309 = -21*k + 4008. What is the highest common factor of k and 42?
21
Suppose -4*m + 795 = 5*x - 8*m, 0 = -3*x + 3*m + 474. Calculate the highest common divisor of 2282 and x.
163
Let i(f) = 3*f + 153. Let n be i(-39). What is the highest common divisor of 54 and n?
18
Let v be (0 + 1/(-2))*-74. Let q = 436 - 288. What is the highest common factor of q and v?
37
Suppose 4*g = o + 15, -g - 4*o + 4 + 4 = 0. Suppose 4*k + 6*q - 116 = g*q, -3*k + 77 = -q. What is the greatest common divisor of 18 and k?
9
Suppose 18*d - 19 - 107 = 0. What is the highest common factor of 427 and d?
7
Let t(r) = 3*r**3 - 11*r**2 - 12*r + 30. Let l be t(6). Calculate the greatest common divisor of l and 5.
5
Let t = -7 + 72. What is the greatest common divisor of t and 39?
13
Suppose -7*o = 55 - 97. Let q = -11 - -29. Suppose -o*h + 9*h = q. What is the greatest common factor of 18 and h?
6
Let c be -10 - -3 - (-21)/7. Let o be (-7)/(-1*(5 + c)). What is the highest common factor of o and 49?
7
Suppose 4 = -3*i + i - 2*w, 0 = -5*i + 3*w + 30. Calculate the highest common divisor of i and 6.
3
Let w be 13 + ((-176)/(-11) - 13). Let z(y) = 2*y**3 + y**2 + 3*y - 2. Let l be z(2). Calculate the highest common divisor of l and w.
8
Let z be (26/(-12))/(12/(-72)). Let c = -238 + 355. What is the greatest common factor of z and c?
13
Let d = 533 - 488. What is the highest common factor of d and 20?
5
Let o(k) = k**3 - 19*k**2 + 19*k - 18. Let u be o(18). Suppose -x + 2*v = -8, -5*x = -u*v + 2*v - 52. What is the greatest common factor of 25 and x?
5
Suppose a - 10 = -3*q, a = 6*a - 4*q - 69. Suppose 2*u - 27 - a = 0. What is the greatest common divisor of u and 4?
4
Suppose -18 + 6 = -3*z. Suppose -9 = -z*g + 11. Suppose 131 = 7*v - 44. Calculate the highest common factor of g and v.
5
Suppose 8*i - 595 + 363 = 0. What is the highest common divisor of 1073 and i?
29
Let i be (1 + 1)/((-16)/(-840)). Let h = i + -102. What is the greatest common divisor of h and 3?
3
Suppose 0 = -12*p - 47*p + 44250. What is the greatest common divisor of p and 30?
30
Suppose 5*z = -7*z + 3*z. Let w be 36 + z + 1 - (0 - -1). What is the greatest common factor of 4 and w?
4
Suppose -2*w + 0 = -2*p - 12, 10 = w - 2*p. Let v be (-1 - w) + -7 + 2. Let k be v/1*(-15)/2. Calculate the greatest common factor of 12 and k.
12
Let j be (-2)/(-15) + (104595/225 - -4). Calculate the greatest common factor of j and 268.
67
Let z(w) = w**3 + 9*w**2 + 9*w - 3. Let s be (-4 + (-26)/(-6))*-21. Let x be z(s). Calculate the greatest common divisor of 160 and x.
32
Let x(n) = n**3 - 15*n**2 - 22*n + 105. Let u be x(16). Calculate the highest common factor of u and 846.
9
Suppose -2*x + 5*o - 1 = 0, 19 = 6*x - 4*x - o. Suppose 5*b - 304 = 356. What is the greatest common divisor of x and b?
12
Let a(l) = 9*l + 169. Let q be a(-18). Calculate the greatest common divisor of 196 and q.
7
Let x(r) = -2*r**3 + 4*r**2 + 3*r - 11. Let a be x(-5). What is the greatest common factor of 36 and a?
36
Suppose 134 = 15*j - 16. Calculate the highest common divisor of j and 32.
2
Suppose 0 = 11*h - 418 - 374. What is the greatest common factor of 9 and h?
9
Let z = 1 + 2. Suppose 31*m - 53 = 319. What is the greatest common factor of z and m?
3
Suppose 0 = -17*y + 104 + 49. Calculate the greatest common factor of y and 48.
3
Let i be (0 - (-4)/6)/((-6)/(-603)). Calculate the greatest common divisor of i and 737.
67
Let y(x) = 7*x**2 + 13*x - 22 + 6*x**2 + 10*x**3 + 9*x**3 - 18*x**3. Let k be y(-11). What is the greatest common factor of k and 11?
11
Suppose -589*x + 563*x + 26 = 0. Calculate the greatest common factor of 11 and x.
1
Suppose 46*v - 41*v - 440 = 0. Let x = v - -33. What is the highest common divisor of 33 and x?
11
Let a be ((-72)/32)/((-9)/72). What is the greatest common factor of a and 186?
6
Let y be (78/(-10))/(42/(-2590)). Calculate the highest common divisor of y and 13.
13
Suppose 19 = 2*t - 3*t. Suppose 0 = 99*m - 101*m + 92. Let l = t + m. What is the highest common divisor of 9 and l?
9
Let g(c) = 136*c - 59. Let y be g(5). Calculate the greatest common factor of 27 and y.
27
Let c(x) = 4*x + 21. Let d be c(-4). Suppose 1 = -4*b + d*b. What is the highest common factor of 14 and b?
1
Let f be -1*382/(-12) - (-27)/162. Suppose -4*u - 4*k = 28, 0 = u + u + 5*k + 26. Let s = 7 + u. What is the greatest common factor of s and f?
4
Suppose 0 = 5*f - 94 - 56. Suppose 2*z = 0, -13*q - z = -14*q + 12. Calculate the greatest common divisor of q and f.
6
Let c = 117 + -37. Let v = c - 62. Let u be (36/10)/(2/10). What is the highest common divisor of v and u?
18
Let r = -3595 + 3611. Suppose 5*n + 134 = 534. Calculate the greatest common divisor of r and n.
16
Let i be (-30)/18 + 217280/84. What is the greatest common factor of 55 and i?
55
Suppose -4*q + 2*s = -400, -40*q + 5*s = -37*q - 300. Calculate the greatest common factor of 240 and q.
20
Let k be (-9)/(-18) - (1297/(-2) - -1). What is the highest common factor of 120 and k?
24
Let o(a) = -19*a - 16*a - 2 - 4. Let z be o(-3). What is the highest common factor of z and 11?
11
Let b = 66 - 21. Suppose 2*g + w + 5 = 12, -2*w - 16 = -2*g. What is the highest common divisor of g and b?
5
Let n(x) = x**2 + 28*x - 738. Let g be n(-46). What is the greatest common divisor of g and 20?
10
Suppose -3*h + 69 = -3*s, 3*h = -3*s + 4*s + 69. Suppose -h = 2*o - 25. Suppose -4*x - o + 13 = 0. Calculate the greatest common factor of x and 1.
1
Let f be 2/6*(-105)/7. Let x be 2 + -4 - 175/f. Calculate the highest common divisor of x and 363.
33
Suppose -3*a + 4*d - 3*d + 22 = 0, 3*a - 3*d - 30 = 0. Suppose 5*l = a*l. Let p(m) = m + 175. Let n be p(l). What is the highest common factor of n and 25?
25
Let z = 7 + 81. Let p(s) = -s**2 - 6*s + 3. Let a(u) = -u + 1. Let r be a(6). Let f be p(r). Calculate the highest common divisor of f a